5) to base 8.
-221
What is -787 (base 10) in base 5?
-11122
What is 24a (base 15) in base 3?
201021
-73 (base 13) to base 6
-234
What is -773 (base 9) in base 8?
-1171
What is 3 (base 5) in base 11?
3
What is 3112 (base 10) in base 13?
1555
1202 (base 6) to base 4
10202
Convert -212011 (base 3) to base 11.
-519
Convert -3342 (base 8) to base 5.
-24022
140423 (base 5) to base 10
5738
Convert -23012202 (base 4) to base 3.
-2022101020
-120112 (base 6) to base 16
-28ac
What is 2340 (base 6) in base 16?
234
-10c7 (base 13) to base 9
-3212
-c1e (base 16) to base 12
-1966
What is -16 (base 10) in base 9?
-17
Convert 213025 (base 6) to base 5.
1030023
-21222021 (base 3) to base 4
-1122310
What is -10 (base 9) in base 2?
-1001
Convert -1d5 (base 14) to base 15.
-1a8
Convert 101001 (base 4) to base 8.
2101
1225 (base 11) to base 2
11001000000
What is -453 (base 9) in base 15?
-19c
What is 100 (base 14) in base 15?
d1
Convert 1003344 (base 5) to base 2.
11111011100011
42041 (base 7) to base 11
7831
Convert -2200 (base 11) to base 6.
-21240
-3a3 (base 14) to base 8
-1333
Convert -35400 (base 6) to base 12.
-2b60
Convert -441 (base 11) to base 3.
-201121
Convert 222 (base 14) to base 6.
1542
-13a05 (base 11) to base 14
-733b
-174 (base 12) to base 16
-e8
Convert 24054 (base 6) to base 4.
312202
Convert 11011001111101 (base 2) to base 15.
41ee
Convert 306 (base 7) to base 9.
180
What is -111011010 (base 2) in base 3?
-122120
Convert 3a9 (base 13) to base 4.
22012
Convert 222330 (base 5) to base 2.
1111010100000
What is 11b59 (base 13) in base 14?
bcb1
-1201300 (base 4) to base 16
-1870
What is 422020 (base 6) in base 14?
c628
2641 (base 8) to base 7
4126
-ca0 (base 15) to base 4
-230202
-1100101110011 (base 2) to base 6
-50055
What is -293 (base 13) in base 8?
-712
What is -34313 (base 5) in base 12?
-150a
What is 540 (base 9) in base 4?
12321
12240 (base 8) to base 9
7216
Convert -1134 (base 9) to base 14.
-441
-449 (base 11) to base 7
-1365
Convert -268 (base 15) to base 13.
-332
What is 15114 (base 6) in base 3?
10022201
What is -dac (base 15) in base 6?
-22143
31642 (base 8) to base 6
141110
Convert -1011001011 (base 2) to base 5.
-10330
What is 1121021 (base 3) in base 6?
5224
-697 (base 13) to base 10
-1138
Convert 13657 (base 8) to base 9.
8276
What is -20202 (base 3) in base 2?
-10110110
Convert -24b (base 16) to base 14.
-2dd
Convert 1642 (base 14) to base 5.
111403
What is d92 (base 14) in base 10?
2676
-26101 (base 8) to base 13
-5206
What is -405331 (base 7) in base 4?
-100313320
Convert -4a8 (base 12) to base 15.
-31e
Convert a32 (base 13) to base 15.
7a6
Convert c (base 15) to base 3.
110
What is -132440 (base 6) in base 2?
-10111111101000
Convert 60071 (base 8) to base 11.
17564
1377 (base 13) to base 14
1042
Convert -769 (base 11) to base 5.
-12142
-af0 (base 16) to base 14
-1040
266 (base 10) to base 6
1122
-12011033 (base 4) to base 12
-124bb
Convert 1238 (base 10) to base 3.
1200212
Convert -55d (base 14) to base 9.
-1411
Convert -210 (base 11) to base 10.
-253
421d (base 16) to base 13
791c
Convert 1100221001 (base 3) to base 13.
c33a
-5d6a (base 15) to base 14
-7376
What is 42131 (base 9) in base 2?
110110010100011
Convert -29143 (base 13) to base 8.
-226477
-13063 (base 7) to base 11
-267a
What is -3265 (base 14) in base 4?
-2020021
124200 (base 6) to base 10
11304
-1215 (base 16) to base 4
-1020111
What is 25a (base 11) in base 7?
616
1025 (base 7) to base 5
2422
What is 18c (base 16) in base 6?
1500
Convert -3378 (base 10) to base 12.
-1b56
-466 (base 9) to base 3
-112020
212130 (base 4) to base 13
1173
What is -3243 (base 6) in base 13?
-456
What is 1012 (base 5) in base 9?
156
What is 7153 (base 9) in base 14?
1c9a
What is 121100112 (base 3) in base 8?
27221
-13403 (base 5) to base 16
-44f
What is -672 (base 11) in base 2?
-1100100101
-1996 (base 15) to base 5
-134131
What is 13847 (base 9) in base 16?
24df
-429a (base 12) to base 11
-5553
-1526 (base 10) to base 12
-a72
What is -101000011100 (base 2) in base 10?
-2588
Convert -26643 (base 7) to base 5.
-212220
1651 (base 7) to base 4
22201
What is 329 (base 12) in base 7?
1233
What is -35c8 (base 14) in base 4?
-2102230
21020 (base 7) to base 9
7062
Convert -96a (base 12) to base 11.
-1043
-188 (base 14) to base 9
-381
What is 1210153 (base 6) in base 11?
43844
What is 97b (base 13) in base 16?
657
What is -283 (base 12) in base 4?
-12003
Convert -940 (base 11) to base 9.
-1488
What is -1589d (base 14) in base 6?
-1053135
Convert 2316 (base 8) to base 2.
10011001110
198 (base 15) to base 4
11300
188 (base 9) to base 4
2201
What is -63 (base 16) in base 5?
-344
Convert -25629 (base 10) to base 16.
-641d
23441 (base 6) to base 7
12640
-68 (base 16) to base 4
-1220
What is 2333 (base 6) in base 11?
470
Convert -10001001001 (base 2) to base 4.
-101021
What is -11101000 (base 2) in base 14?
-128
What is 121103 (base 4) in base 9?
2188
-311243 (base 6) to base 13
-b475
What is 4621 (base 7) in base 14?
881
What is 22130 (base 5) in base 10?
1540
Convert 9a2 (base 13) to base 2.
11001110101
24e (base 16) to base 9
725
-454033 (base 6) to base 11
-269a2
Convert 821 (base 11) to base 15.
461
-76e6 (base 16) to base 13
-10b15
Convert 21310 (base 4) to base 15.
2bd
Convert 1220033 (base 4) to base 13.
3062
-1239 (base 12) to base 3
-2211100
What is 1401 (base 9) in base 6?
4514
Convert 1707a (base 13) to base 7.
242254
-1592 (base 16) to base 5
-134042
507 (base 14) to base 15
45c
What is -11001100111101 (base 2) in base 13?
-5c80
Convert -301301 (base 4) to base 8.
-6161
167 (base 10) to base 13
cb
-10111110110010 (base 2) to base 15
-3940
What is 1425 (base 12) in base 5?
33313
What is -3133221 (base 5) in base 8?
-146127
23442 (base 6) to base 10
3410
What is -278e (base 15) in base 10?
-8459
What is 2144021 (base 5) in base 13?
1402b
3b5d (base 14) to base 10
10471
201203 (base 4) to base 8
4143
Convert -21111000 (base 3) to base 12.
-31a6
What is 14208 (base 10) in base 6?
145440
What is -bd13 (base 16) in base 6?
-1012031
Convert 20252 (base 6) to base 16.
a88
Convert -10100111001 (base 2) to base 15.
-5e2
What is -4637 (base 12) in base 9?
-11647
2961 (base 11) to base 14
156a
-103301 (base 4) to base 12
-895
What is -1031412 (base 5) in base 14?
-6668
Convert 39 (base 11) to base 8.
52
What is 345c (base 13) in base 12?
4300
Convert -3803 (base 10) to base 13.
-1967
Convert 653 (base 15) to base 8.
2624
1ce (base 15) to base 4
12203
What is 35533 (base 6) in base 9?
7073
25053 (base 10) to base 14
91b7
Convert 20264 (base 7) to base 11.
3797
What is 101001000010 (base 2) in base 5?
41001
Convert -5235 (base 6) to base 16.
-497
-7 (base 16) to base 14
-7
What is 16ad (base 14) in base 7?
14606
Convert -35b (base 14) to base 15.
-2e9
30423 (base 5) to base 14
a20
What is 35 (base 13) in base 12?
38
-281b (base 13) to base 2
-1011010001010
Convert -15646 (base 7) to base 12.
-26a4
Convert 5923 (base 13) to base 5.
400120
-10001110101101 (base 2) to base 9
-13467
116 (base 8) to base 14
58
-1014242 (base 5) to base 11
-11703
Convert -102053 (base 8) to base 3.
-1201102011
100c (base 13) to base 10
2209
Convert -787 (base 13) to base 15.
-5b4
Convert 1102121 (base 3) to base 4.
100102
What is 1200 (base 3) in base 14?
33
Convert 21022 (base 4) to base 8.
1112
101322 (base 5) to base 15
ec7
Convert -101010010001001 (base 2) to base 13.
-9b09
49775 (base 11) to base 6
1310520
Convert -195 (base 13) to base 14.
-16b
What is -1111110001 (base 2) in base 16?
-3f1
8a99 (base 12) to base 9
23080
What is 10203 (base 6) in base 9?
1783
-6736 (base 8) to base 5
-103200
What is d7 (base 15) in base 10?
202
Convert -1211301 (base 6) to base 7.
-354043
11111110101101 (base 2) to base 16
3fad
What is -33430 (base 5) in base 14?
-c0d
Convert -20 (base 12) to base 15.
-19
Convert 8b (base 13) to base 11.
a5
Convert dd2 (base 14) to base 10.
2732
What is 2a8b (base 12) in base 5?
130003
Convert -a6 (base 16) to base 4.
-2212
What is a6ac (base 13) in base 15?
6cbb
-6556 (base 7) to base 9
-3184
Convert 1950 (base 13) to base 12.
2233
Convert 50604 (base 7) to base 9.
17780
What is 1110010100011 (base 2) in base 3?
101001112
Convert -767 (base 9) to base 5.
-10003
What is -36661 (base 10) in base 8?
-